 = -2*m - 10*w + 1766. What are the prime factors of m?
2, 3, 7
Suppose 288*c = 283*c + 6475. Suppose -c = -5*w - 4*d, -2*d - 10 = -4*d. What are the prime factors of w?
3, 5, 17
Let a = -834 - -862. Let h(d) = d**2 + d. Let o be h(1). Suppose o*v = -0*v + a. What are the prime factors of v?
2, 7
Suppose 0 = 9*q - 212658 - 101320 + 55444. List the prime factors of q.
2, 53, 271
Let l = 652 - 651. List the prime factors of (1 - l) + (-2266)/(-11).
2, 103
Let b(t) = 708*t + 170. List the prime factors of b(47).
2, 7, 2389
Let r(x) = x**3 - 7*x**2 + 2*x - 10. Let c be r(7). Suppose 5*z - 2480 = -4*p + c*z, 0 = p - 4*z - 603. List the prime factors of p.
619
Suppose v + 2 = 0, -4*v = 43*k - 39*k - 33344. What are the prime factors of k?
2, 11, 379
Let i be 6*-64*(-52)/12. Suppose -12*t + i = -8*t. List the prime factors of t.
2, 13
Let t = -1455 + 1517. Suppose -i = 4*i - 115. Let c = t - i. List the prime factors of c.
3, 13
Let g = 46182 - -14528. List the prime factors of g.
2, 5, 13, 467
Suppose 0 = 4*n + 618*i - 616*i - 146122, 0 = 4*n - 5*i - 146115. What are the prime factors of n?
2, 5, 13, 281
Let q be 483/7 + (-9)/3. Let i = q + 84. What are the prime factors of i?
2, 3, 5
What are the prime factors of 15472/6*(275/10 - 26)?
2, 967
Let s = -19 + 35. Suppose -f - s = 3*x - 3, -5 = -f. List the prime factors of (1 + -37)/(12/x).
2, 3
Suppose 0 = 5*y + 18*r - 19*r - 7341, 1474 = y - 6*r. What are the prime factors of y?
2, 367
Let g = -145 - -243. Let r = g - 100. What are the prime factors of r + -3 + 205 + -1 + 5?
2, 3, 17
Suppose -5*w - 6*g + 3*g - 2 = 0, 0 = 3*w - 4*g - 22. Suppose -4*y + 2*a + 3204 = -210, y + w*a - 861 = 0. What are the prime factors of y?
3, 5, 19
Let v be (-73)/((-16)/(-4) + -5). Suppose s = 7 - v. Let f = s + 138. List the prime factors of f.
2, 3
Suppose -4*x + 2*n = -6238, 2882 = -5*x + 2*n + 10677. List the prime factors of x.
3, 173
Let f(o) = -o**3 + 17*o**2 + 4*o - 15. Let t be f(17). Let v = t - 49. Suppose 0*r = v*r - 436. What are the prime factors of r?
109
Let f(b) = b**2 + 32*b - 21. Let p be f(-17). What are the prime factors of 22/(-4 + p/(-66))?
11
Suppose 3*o + 11 = -k, -30 = 4*k - 5*o + 31. Let g(a) = -14 - 8 - a - 35 - 10*a. List the prime factors of g(k).
97
List the prime factors of (25/(-2)*524/655)/(2/(-969)).
3, 5, 17, 19
Suppose -151*b + 153*b - 1302 = 0. Suppose -a + b = 4*h, 2*a = 3*h - 230 - 261. What are the prime factors of h?
163
Let h = -180 - -180. Suppose -34*a + 9*a + 5475 = h. List the prime factors of a.
3, 73
Suppose n = -3*x + 88192, -n = -3*n - 10. Suppose -15*w - 11774 = -x. List the prime factors of w.
5, 47
Suppose 4*n + 12446 = 2*g, -28*g + 33*g + n - 31148 = 0. List the prime factors of g.
6229
Let o(k) = 5*k**3 - 12*k**2 - 10*k + 8. Let a(g) = -g**3 + g. Let y = 111 + -112. Let z(v) = y*o(v) - 6*a(v). List the prime factors of z(-8).
2, 3
Suppose 17*b - 12*b - 176245 = 5*n, 5*n + 493558 = 14*b. List the prime factors of b.
35257
Let s(b) = -b**3 + 4*b**2 - 22*b - 33. Let r(j) = -11*j + 45. Let t be r(5). List the prime factors of s(t).
3, 23
Let a(i) be the first derivative of 2*i**3/3 + 2*i**2 - 6*i - 4. Let r be a(-3). Suppose -j - 2 = 0, 4*j = 3*n - r*n - 437. List the prime factors of n.
11, 13
Let f(d) = 3*d + 98. Let t be f(-30). List the prime factors of 2*t/(-4) + 542.
2, 269
Suppose 138*z - 3*i = 137*z + 21547, -i + 86201 = 4*z. What are the prime factors of z?
2, 5, 431
Let i(o) = 250*o + 381. List the prime factors of i(43).
11131
List the prime factors of (-304280)/(-18) - (-960)/(-2160).
2, 2113
Let d(w) = -1091*w**2 - 2*w + 2835*w**2 + 116 - 120. What are the prime factors of d(-1)?
2, 13, 67
Let o(t) be the third derivative of t**5/60 - t**4/6 + 4*t**3 + 66*t**2. List the prime factors of o(18).
2, 3, 23
Suppose 5*m = 9*m. Suppose m = 4*i + 4 + 4, -5*r + 32 = -i. Let h = r - -41. List the prime factors of h.
47
Suppose -2*o + 3*o + 2*v + 14 = 0, -2*o - 2*v = 26. Let h be (o/(-10))/(2/(-10)). List the prime factors of 213/5 - h/15.
43
Suppose 78 = 17*t - 22*t + 2*m, -2*t = m + 24. Let a(l) = l**3 + 19*l**2 + 17*l + 31. List the prime factors of a(t).
773
Let z(s) be the first derivative of -s**4/4 - 5*s**3 + 7*s**2 + 49*s - 105. List the prime factors of z(-16).
3
Let l be 4/16*1*12. Suppose 0 = -l*a - 2*r + 5 + 1, -4*a + 8 = -2*r. Suppose 5*u - 670 - 39 = -3*f, 0 = f - a*u - 229. What are the prime factors of f?
233
Suppose 2*b = s - 7994, 5*s - 39940 = 6*b - 11*b. List the prime factors of s.
2, 5, 17, 47
Let m = 577 - 577. Suppose 4*k - 34*w = -32*w + 3630, m = 2*k + 2*w - 1818. List the prime factors of k.
2, 227
Let k be (-2)/((-48)/(-18)) + (-70)/(-8). Let h(f) = f + 5. Let p be h(0). Suppose -p*u - k = -698. What are the prime factors of u?
2, 3, 23
Let p be -86 + -1 + 1 - 0. Suppose -5*a + 4*s - 1 = 0, -3*a - 4*s - 20 + 13 = 0. List the prime factors of (1 - -1)/(p/(-82) + a).
41
Suppose -5*a + 25 = 0, -5*a = 2*u - 638 - 2963. List the prime factors of u.
2, 3, 149
Let p(a) = -a**2 - 13*a + 17. Let y be p(-14). Suppose -5*v - 3*s = -8, -y*v + 8 = -2*s + 7*s. What are the prime factors of v/((-204)/(-201) - 1)?
67
Suppose 2*o + 3*f + f = 1524, 0 = -3*o + f + 2272. Let z = -436 + o. List the prime factors of z.
2, 7, 23
List the prime factors of 1800 - (0 - (1 - (-7 + 1))).
13, 139
Let g(f) = 24*f**2 - 198*f - 1574. List the prime factors of g(-8).
2, 773
Let r(o) be the third derivative of -o**6/24 - o**3/6 - 3*o**2. Let q be r(-1). What are the prime factors of (-12)/8*(-53 + 4/q)?
2, 3, 13
Suppose 0 = -50*m + 65*m - 155745. Suppose 7*k + 2907 = m. List the prime factors of k.
2, 3, 89
Let k(a) = 225*a - 20. Let n be k(1). Suppose -n = -6*b + 131. What are the prime factors of b?
2, 7
Let j be 1447 - (32/(-56) + 20/(-14)). Let d = -487 + j. List the prime factors of d.
2, 13, 37
Suppose q + 2*c - 4915 = 0, -5*q - c - 4930 = -6*q. List the prime factors of q.
5, 197
Let q(i) = -32*i + 14218. What are the prime factors of q(0)?
2, 7109
Suppose 4*r - 254 = -2*j, 2*j = -3*j - 2*r + 667. Let k = j - 87. List the prime factors of k.
2, 3
Let c(l) be the second derivative of 5*l**3/3 - 29*l**2/2 + 2*l. Let m be (54/(-3375)*-25)/((-2)/(-65)). What are the prime factors of c(m)?
101
Suppose 2*p = 5*q + 559, -2*p + 679 = 3*q + 160. Suppose p = 9*y - 552. What are the prime factors of y?
7, 13
Suppose 0 = -22*h + 24*h - 4168. Suppose -h = -7*k - 257. What are the prime factors of k?
3, 29
Let v(f) = 4*f**2 - 7*f - 49. Let w(t) = -5*t**2 + 6*t + 50. Let x(q) = -4*v(q) - 5*w(q). What are the prime factors of x(7)?
373
Let j(r) be the second derivative of 161*r**3/3 + 44*r**2 - 184*r. What are the prime factors of j(1)?
2, 5, 41
Suppose 2 = 2*s, 4*n + 2*s - s = 7401. Suppose -o - o = 3*r - 1108, n = 5*r + 4*o. Suppose -13*h + r = -7*h. List the prime factors of h.
61
Let x = 1563 - 429. Suppose 2*m + u = -m + x, -u - 1519 = -4*m. What are the prime factors of m?
379
Let n(d) = -32*d + 81. Let p be n(-14). Suppose -52*u = -53*u + p. What are the prime factors of u?
23
Let x = 243 + 2007. List the prime factors of x.
2, 3, 5
Suppose 0 = 6*z - 8*z + 710. Let r = -628 + z. List the prime factors of (-4 - 0)*(3 - r/(-12)).
79
Let t = -125 + 127. Suppose -5*w + 6172 = -u - 3*u, 5*w - 5*u - 6170 = 0. Suppose 2*h = -t*v + 452, 5*v - 4*h - w + 151 = 0. What are the prime factors of v?
13, 17
Suppose 0 = -2*l + t + 10903, 199*t = 3*l + 203*t - 16371. What are the prime factors of l?
7, 19, 41
Let s(i) = 31*i**2 + 22*i - 232. Let z(w) = 16*w**2 + 12*w - 115. Let k(a) = -2*s(a) + 5*z(a). List the prime factors of k(6).
3, 211
Let c(u) = 24*u**3 - u**2 + u + 5. Let j(h) = -h**2 + 10*h - 19. Let x be j(7). What are the prime factors of c(x)?
3, 5, 13
Suppose -241*f + 275*f - 651746 = 0. What are the prime factors of f?
29, 661
Suppose -5*d - 211 = 3*t - 0*t, -3*t = -5*d + 221. Let r be 18/t + 2/8. Suppose -4*p - 108 = 3*y - 430, r = 5*y + p - 548. What are the prime factors of y?
2, 5, 11
List the prime factors of (2177/(-4))/(11/(-1540)*5).
7, 311
Let w(y) be the first derivative of -y**4/4 - 7*y**3/3 - 3*y**2 - 3*y + 11. Let x(b) = 2*b + 1. Let m be x(-4). List the prime factors of w(m).
3, 13
Let p = -23 - -13. Let s be -1*4/p + (-794)/10. Let z = s - -112. List the pr